{"id":72,"date":"2015-12-16T13:15:18","date_gmt":"2015-12-16T11:15:18","guid":{"rendered":"http:\/\/apaydintanitim.com\/m\/?page_id=72"},"modified":"2016-01-07T08:37:23","modified_gmt":"2016-01-07T06:37:23","slug":"ayakkabi-ve-canta-standlari","status":"publish","type":"page","link":"https:\/\/apaydintanitim.com\/m\/ayakkabi-ve-canta-standlari\/","title":{"rendered":"Ayakkab\u0131 ve \u00e7anta standlar\u0131"},"content":{"rendered":"\n\t\t<style type=\"text\/css\">\n\t\t\t#gallery-1 {\n\t\t\t\tmargin: auto;\n\t\t\t}\n\t\t\t#gallery-1 .gallery-item {\n\t\t\t\tfloat: left;\n\t\t\t\tmargin-top: 10px;\n\t\t\t\ttext-align: center;\n\t\t\t\twidth: 100%;\n\t\t\t}\n\t\t\t#gallery-1 img {\n\t\t\t\tborder: 2px solid #cfcfcf;\n\t\t\t}\n\t\t\t#gallery-1 .gallery-caption {\n\t\t\t\tmargin-left: 0;\n\t\t\t}\n\t\t\t\/* see gallery_shortcode() in wp-includes\/media.php *\/\n\t\t<\/style>\n\t\t<div id='gallery-1' class='gallery galleryid-72 gallery-columns-1 gallery-size-full'><dl class='gallery-item'>\n\t\t\t<dt class='gallery-icon landscape'>\n\t\t\t\t<img loading=\"lazy\" decoding=\"async\" width=\"800\" height=\"450\" src=\"https:\/\/apaydintanitim.com\/m\/wp-content\/uploads\/1.jpg\" class=\"attachment-full size-full\" alt=\"\" aria-describedby=\"gallery-1-870\" srcset=\"https:\/\/apaydintanitim.com\/m\/wp-content\/uploads\/1.jpg 800w, https:\/\/apaydintanitim.com\/m\/wp-content\/uploads\/1-400x225.jpg 400w, https:\/\/apaydintanitim.com\/m\/wp-content\/uploads\/1-150x84.jpg 150w, https:\/\/apaydintanitim.com\/m\/wp-content\/uploads\/1-640x360.jpg 640w\" sizes=\"auto, (max-width: 800px) 100vw, 800px\" \/>\n\t\t\t<\/dt>\n\t\t\t\t<dd class='wp-caption-text gallery-caption' id='gallery-1-870'>\n\t\t\t\t Ma\u011faza Dekorasyonu Ayakkab\u0131 ve \u00c7anta Standlar\u0131 MODEL NO: 0001\n\t\t\t\t<\/dd><\/dl><br style=\"clear: both\" \/><dl class='gallery-item'>\n\t\t\t<dt class='gallery-icon landscape'>\n\t\t\t\t<img loading=\"lazy\" decoding=\"async\" width=\"800\" height=\"450\" src=\"https:\/\/apaydintanitim.com\/m\/wp-content\/uploads\/2.jpg\" class=\"attachment-full size-full\" alt=\"\" aria-describedby=\"gallery-1-871\" srcset=\"https:\/\/apaydintanitim.com\/m\/wp-content\/uploads\/2.jpg 800w, https:\/\/apaydintanitim.com\/m\/wp-content\/uploads\/2-400x225.jpg 400w, https:\/\/apaydintanitim.com\/m\/wp-content\/uploads\/2-150x84.jpg 150w, https:\/\/apaydintanitim.com\/m\/wp-content\/uploads\/2-640x360.jpg 640w\" sizes=\"auto, (max-width: 800px) 100vw, 800px\" \/>\n\t\t\t<\/dt>\n\t\t\t\t<dd class='wp-caption-text gallery-caption' id='gallery-1-871'>\n\t\t\t\t Ma\u011faza Dekorasyonu Ayakkab\u0131 ve \u00c7anta Standlar\u0131 MODEL NO: 0002\n\t\t\t\t<\/dd><\/dl><br style=\"clear: both\" \/><dl class='gallery-item'>\n\t\t\t<dt class='gallery-icon landscape'>\n\t\t\t\t<img loading=\"lazy\" decoding=\"async\" width=\"800\" height=\"450\" src=\"https:\/\/apaydintanitim.com\/m\/wp-content\/uploads\/3.jpg\" class=\"attachment-full size-full\" alt=\"\" aria-describedby=\"gallery-1-872\" srcset=\"https:\/\/apaydintanitim.com\/m\/wp-content\/uploads\/3.jpg 800w, https:\/\/apaydintanitim.com\/m\/wp-content\/uploads\/3-400x225.jpg 400w, https:\/\/apaydintanitim.com\/m\/wp-content\/uploads\/3-150x84.jpg 150w, https:\/\/apaydintanitim.com\/m\/wp-content\/uploads\/3-640x360.jpg 640w\" sizes=\"auto, (max-width: 800px) 100vw, 800px\" \/>\n\t\t\t<\/dt>\n\t\t\t\t<dd class='wp-caption-text gallery-caption' id='gallery-1-872'>\n\t\t\t\t Ma\u011faza Dekorasyonu Ayakkab\u0131 ve \u00c7anta Standlar\u0131 MODEL NO: 0003\n\t\t\t\t<\/dd><\/dl><br style=\"clear: both\" \/><dl class='gallery-item'>\n\t\t\t<dt class='gallery-icon landscape'>\n\t\t\t\t<img loading=\"lazy\" decoding=\"async\" width=\"800\" height=\"450\" src=\"https:\/\/apaydintanitim.com\/m\/wp-content\/uploads\/4.jpg\" class=\"attachment-full size-full\" alt=\"\" aria-describedby=\"gallery-1-873\" srcset=\"https:\/\/apaydintanitim.com\/m\/wp-content\/uploads\/4.jpg 800w, https:\/\/apaydintanitim.com\/m\/wp-content\/uploads\/4-400x225.jpg 400w, https:\/\/apaydintanitim.com\/m\/wp-content\/uploads\/4-150x84.jpg 150w, https:\/\/apaydintanitim.com\/m\/wp-content\/uploads\/4-640x360.jpg 640w\" sizes=\"auto, (max-width: 800px) 100vw, 800px\" \/>\n\t\t\t<\/dt>\n\t\t\t\t<dd class='wp-caption-text gallery-caption' id='gallery-1-873'>\n\t\t\t\t Ma\u011faza Dekorasyonu Ayakkab\u0131 ve \u00c7anta Standlar\u0131 MODEL NO: 0004\n\t\t\t\t<\/dd><\/dl><br style=\"clear: both\" \/><dl class='gallery-item'>\n\t\t\t<dt class='gallery-icon landscape'>\n\t\t\t\t<img loading=\"lazy\" decoding=\"async\" width=\"800\" height=\"450\" src=\"https:\/\/apaydintanitim.com\/m\/wp-content\/uploads\/5.jpg\" class=\"attachment-full size-full\" alt=\"\" aria-describedby=\"gallery-1-874\" srcset=\"https:\/\/apaydintanitim.com\/m\/wp-content\/uploads\/5.jpg 800w, https:\/\/apaydintanitim.com\/m\/wp-content\/uploads\/5-400x225.jpg 400w, https:\/\/apaydintanitim.com\/m\/wp-content\/uploads\/5-150x84.jpg 150w, https:\/\/apaydintanitim.com\/m\/wp-content\/uploads\/5-640x360.jpg 640w\" sizes=\"auto, (max-width: 800px) 100vw, 800px\" \/>\n\t\t\t<\/dt>\n\t\t\t\t<dd class='wp-caption-text gallery-caption' id='gallery-1-874'>\n\t\t\t\t Ma\u011faza Dekorasyonu Ayakkab\u0131 ve \u00c7anta Standlar\u0131 MODEL NO: 0005\n\t\t\t\t<\/dd><\/dl><br style=\"clear: both\" \/><dl class='gallery-item'>\n\t\t\t<dt class='gallery-icon landscape'>\n\t\t\t\t<img loading=\"lazy\" decoding=\"async\" width=\"800\" height=\"450\" src=\"https:\/\/apaydintanitim.com\/m\/wp-content\/uploads\/6.jpg\" class=\"attachment-full size-full\" alt=\"\" aria-describedby=\"gallery-1-875\" srcset=\"https:\/\/apaydintanitim.com\/m\/wp-content\/uploads\/6.jpg 800w, https:\/\/apaydintanitim.com\/m\/wp-content\/uploads\/6-400x225.jpg 400w, https:\/\/apaydintanitim.com\/m\/wp-content\/uploads\/6-150x84.jpg 150w, https:\/\/apaydintanitim.com\/m\/wp-content\/uploads\/6-640x360.jpg 640w\" sizes=\"auto, (max-width: 800px) 100vw, 800px\" \/>\n\t\t\t<\/dt>\n\t\t\t\t<dd class='wp-caption-text gallery-caption' id='gallery-1-875'>\n\t\t\t\t Ma\u011faza Dekorasyonu Ayakkab\u0131 ve \u00c7anta Standlar\u0131 MODEL NO: 0006\n\t\t\t\t<\/dd><\/dl><br style=\"clear: both\" \/><dl class='gallery-item'>\n\t\t\t<dt class='gallery-icon landscape'>\n\t\t\t\t<img loading=\"lazy\" decoding=\"async\" width=\"800\" height=\"450\" src=\"https:\/\/apaydintanitim.com\/m\/wp-content\/uploads\/7.jpg\" class=\"attachment-full size-full\" alt=\"\" aria-describedby=\"gallery-1-876\" srcset=\"https:\/\/apaydintanitim.com\/m\/wp-content\/uploads\/7.jpg 800w, https:\/\/apaydintanitim.com\/m\/wp-content\/uploads\/7-400x225.jpg 400w, https:\/\/apaydintanitim.com\/m\/wp-content\/uploads\/7-150x84.jpg 150w, https:\/\/apaydintanitim.com\/m\/wp-content\/uploads\/7-640x360.jpg 640w\" sizes=\"auto, (max-width: 800px) 100vw, 800px\" \/>\n\t\t\t<\/dt>\n\t\t\t\t<dd class='wp-caption-text gallery-caption' id='gallery-1-876'>\n\t\t\t\t Ma\u011faza Dekorasyonu Ayakkab\u0131 ve \u00c7anta Standlar\u0131 MODEL NO: 0007\n\t\t\t\t<\/dd><\/dl><br style=\"clear: both\" \/><dl class='gallery-item'>\n\t\t\t<dt class='gallery-icon landscape'>\n\t\t\t\t<img loading=\"lazy\" decoding=\"async\" width=\"800\" height=\"450\" src=\"https:\/\/apaydintanitim.com\/m\/wp-content\/uploads\/8.jpg\" class=\"attachment-full size-full\" alt=\"\" aria-describedby=\"gallery-1-877\" srcset=\"https:\/\/apaydintanitim.com\/m\/wp-content\/uploads\/8.jpg 800w, https:\/\/apaydintanitim.com\/m\/wp-content\/uploads\/8-400x225.jpg 400w, https:\/\/apaydintanitim.com\/m\/wp-content\/uploads\/8-150x84.jpg 150w, https:\/\/apaydintanitim.com\/m\/wp-content\/uploads\/8-640x360.jpg 640w\" sizes=\"auto, (max-width: 800px) 100vw, 800px\" \/>\n\t\t\t<\/dt>\n\t\t\t\t<dd class='wp-caption-text gallery-caption' id='gallery-1-877'>\n\t\t\t\t Ma\u011faza Dekorasyonu Ayakkab\u0131 ve \u00c7anta Standlar\u0131 MODEL NO: 0008\n\t\t\t\t<\/dd><\/dl><br style=\"clear: both\" \/><dl class='gallery-item'>\n\t\t\t<dt class='gallery-icon landscape'>\n\t\t\t\t<img loading=\"lazy\" decoding=\"async\" width=\"800\" height=\"450\" src=\"https:\/\/apaydintanitim.com\/m\/wp-content\/uploads\/9.jpg\" class=\"attachment-full size-full\" alt=\"\" aria-describedby=\"gallery-1-878\" srcset=\"https:\/\/apaydintanitim.com\/m\/wp-content\/uploads\/9.jpg 800w, https:\/\/apaydintanitim.com\/m\/wp-content\/uploads\/9-400x225.jpg 400w, https:\/\/apaydintanitim.com\/m\/wp-content\/uploads\/9-150x84.jpg 150w, https:\/\/apaydintanitim.com\/m\/wp-content\/uploads\/9-640x360.jpg 640w\" sizes=\"auto, (max-width: 800px) 100vw, 800px\" \/>\n\t\t\t<\/dt>\n\t\t\t\t<dd class='wp-caption-text gallery-caption' id='gallery-1-878'>\n\t\t\t\t Ma\u011faza Dekorasyonu Ayakkab\u0131 ve \u00c7anta Standlar\u0131 MODEL NO: 0009\n\t\t\t\t<\/dd><\/dl><br style=\"clear: both\" \/><dl class='gallery-item'>\n\t\t\t<dt class='gallery-icon landscape'>\n\t\t\t\t<img loading=\"lazy\" decoding=\"async\" width=\"800\" height=\"450\" src=\"https:\/\/apaydintanitim.com\/m\/wp-content\/uploads\/10.jpg\" class=\"attachment-full size-full\" alt=\"\" aria-describedby=\"gallery-1-879\" srcset=\"https:\/\/apaydintanitim.com\/m\/wp-content\/uploads\/10.jpg 800w, https:\/\/apaydintanitim.com\/m\/wp-content\/uploads\/10-400x225.jpg 400w, https:\/\/apaydintanitim.com\/m\/wp-content\/uploads\/10-150x84.jpg 150w, https:\/\/apaydintanitim.com\/m\/wp-content\/uploads\/10-640x360.jpg 640w\" sizes=\"auto, (max-width: 800px) 100vw, 800px\" \/>\n\t\t\t<\/dt>\n\t\t\t\t<dd class='wp-caption-text gallery-caption' id='gallery-1-879'>\n\t\t\t\t Ma\u011faza Dekorasyonu Ayakkab\u0131 ve \u00c7anta Standlar\u0131 MODEL NO: 0010\n\t\t\t\t<\/dd><\/dl><br style=\"clear: both\" \/><dl class='gallery-item'>\n\t\t\t<dt class='gallery-icon landscape'>\n\t\t\t\t<img loading=\"lazy\" decoding=\"async\" width=\"800\" height=\"450\" src=\"https:\/\/apaydintanitim.com\/m\/wp-content\/uploads\/11.jpg\" class=\"attachment-full size-full\" alt=\"\" aria-describedby=\"gallery-1-880\" srcset=\"https:\/\/apaydintanitim.com\/m\/wp-content\/uploads\/11.jpg 800w, https:\/\/apaydintanitim.com\/m\/wp-content\/uploads\/11-400x225.jpg 400w, https:\/\/apaydintanitim.com\/m\/wp-content\/uploads\/11-150x84.jpg 150w, https:\/\/apaydintanitim.com\/m\/wp-content\/uploads\/11-640x360.jpg 640w\" sizes=\"auto, (max-width: 800px) 100vw, 800px\" \/>\n\t\t\t<\/dt>\n\t\t\t\t<dd class='wp-caption-text gallery-caption' id='gallery-1-880'>\n\t\t\t\t Ma\u011faza Dekorasyonu Ayakkab\u0131 ve \u00c7anta Standlar\u0131 MODEL NO: 0011\n\t\t\t\t<\/dd><\/dl><br style=\"clear: both\" \/><dl class='gallery-item'>\n\t\t\t<dt class='gallery-icon landscape'>\n\t\t\t\t<img loading=\"lazy\" decoding=\"async\" width=\"800\" height=\"450\" src=\"https:\/\/apaydintanitim.com\/m\/wp-content\/uploads\/12.jpg\" class=\"attachment-full size-full\" alt=\"\" aria-describedby=\"gallery-1-881\" srcset=\"https:\/\/apaydintanitim.com\/m\/wp-content\/uploads\/12.jpg 800w, https:\/\/apaydintanitim.com\/m\/wp-content\/uploads\/12-400x225.jpg 400w, https:\/\/apaydintanitim.com\/m\/wp-content\/uploads\/12-150x84.jpg 150w, https:\/\/apaydintanitim.com\/m\/wp-content\/uploads\/12-640x360.jpg 640w\" sizes=\"auto, (max-width: 800px) 100vw, 800px\" \/>\n\t\t\t<\/dt>\n\t\t\t\t<dd class='wp-caption-text gallery-caption' id='gallery-1-881'>\n\t\t\t\t Ma\u011faza Dekorasyonu Ayakkab\u0131 ve \u00c7anta Standlar\u0131 MODEL NO: 0012\n\t\t\t\t<\/dd><\/dl><br style=\"clear: both\" \/>\n\t\t<\/div>\n\n","protected":false},"excerpt":{"rendered":"","protected":false},"author":1,"featured_media":0,"parent":0,"menu_order":0,"comment_status":"closed","ping_status":"closed","template":"templates\/fullwidth.php","meta":{"footnotes":""},"class_list":["post-72","page","type-page","status-publish","hentry","page-entry","loop-entry clr"],"_links":{"self":[{"href":"https:\/\/apaydintanitim.com\/m\/wp-json\/wp\/v2\/pages\/72","targetHints":{"allow":["GET"]}}],"collection":[{"href":"https:\/\/apaydintanitim.com\/m\/wp-json\/wp\/v2\/pages"}],"about":[{"href":"https:\/\/apaydintanitim.com\/m\/wp-json\/wp\/v2\/types\/page"}],"author":[{"embeddable":true,"href":"https:\/\/apaydintanitim.com\/m\/wp-json\/wp\/v2\/users\/1"}],"replies":[{"embeddable":true,"href":"https:\/\/apaydintanitim.com\/m\/wp-json\/wp\/v2\/comments?post=72"}],"version-history":[{"count":2,"href":"https:\/\/apaydintanitim.com\/m\/wp-json\/wp\/v2\/pages\/72\/revisions"}],"predecessor-version":[{"id":882,"href":"https:\/\/apaydintanitim.com\/m\/wp-json\/wp\/v2\/pages\/72\/revisions\/882"}],"wp:attachment":[{"href":"https:\/\/apaydintanitim.com\/m\/wp-json\/wp\/v2\/media?parent=72"}],"curies":[{"name":"wp","href":"https:\/\/api.w.org\/{rel}","templated":true}]}}