{"id":68,"date":"2015-12-16T13:14:25","date_gmt":"2015-12-16T11:14:25","guid":{"rendered":"http:\/\/apaydintanitim.com\/m\/?page_id=68"},"modified":"2016-01-07T08:25:34","modified_gmt":"2016-01-07T06:25:34","slug":"urun-tanidim-standlari","status":"publish","type":"page","link":"https:\/\/apaydintanitim.com\/m\/urun-tanidim-standlari\/","title":{"rendered":"\u00dcr\u00fcn tan\u0131d\u0131m standlar\u0131"},"content":{"rendered":"\n\t\t<style type=\"text\/css\">\n\t\t\t#gallery-1 {\n\t\t\t\tmargin: auto;\n\t\t\t}\n\t\t\t#gallery-1 .gallery-item {\n\t\t\t\tfloat: left;\n\t\t\t\tmargin-top: 10px;\n\t\t\t\ttext-align: center;\n\t\t\t\twidth: 100%;\n\t\t\t}\n\t\t\t#gallery-1 img {\n\t\t\t\tborder: 2px solid #cfcfcf;\n\t\t\t}\n\t\t\t#gallery-1 .gallery-caption {\n\t\t\t\tmargin-left: 0;\n\t\t\t}\n\t\t\t\/* see gallery_shortcode() in wp-includes\/media.php *\/\n\t\t<\/style>\n\t\t<div id='gallery-1' class='gallery galleryid-68 gallery-columns-1 gallery-size-full'><dl class='gallery-item'>\n\t\t\t<dt class='gallery-icon portrait'>\n\t\t\t\t<img loading=\"lazy\" decoding=\"async\" width=\"338\" height=\"600\" src=\"https:\/\/apaydintanitim.com\/m\/wp-content\/uploads\/urun-tanitim-standi-1-1.jpg\" class=\"attachment-full size-full\" alt=\"\" aria-describedby=\"gallery-1-834\" srcset=\"https:\/\/apaydintanitim.com\/m\/wp-content\/uploads\/urun-tanitim-standi-1-1.jpg 338w, https:\/\/apaydintanitim.com\/m\/wp-content\/uploads\/urun-tanitim-standi-1-1-225x400.jpg 225w, https:\/\/apaydintanitim.com\/m\/wp-content\/uploads\/urun-tanitim-standi-1-1-85x150.jpg 85w\" sizes=\"auto, (max-width: 338px) 100vw, 338px\" \/>\n\t\t\t<\/dt>\n\t\t\t\t<dd class='wp-caption-text gallery-caption' id='gallery-1-834'>\n\t\t\t\tMa\u011faza Dekorasyonu \u00dcr\u00fcn Tan\u0131t\u0131m Standlar\u0131 MODEL NO: 2016 &#8211; 0001\n\t\t\t\t<\/dd><\/dl><br style=\"clear: both\" \/><dl class='gallery-item'>\n\t\t\t<dt class='gallery-icon portrait'>\n\t\t\t\t<img loading=\"lazy\" decoding=\"async\" width=\"450\" height=\"600\" src=\"https:\/\/apaydintanitim.com\/m\/wp-content\/uploads\/urun-tanitim-standi-2-1.jpg\" class=\"attachment-full size-full\" alt=\"\" aria-describedby=\"gallery-1-835\" srcset=\"https:\/\/apaydintanitim.com\/m\/wp-content\/uploads\/urun-tanitim-standi-2-1.jpg 450w, https:\/\/apaydintanitim.com\/m\/wp-content\/uploads\/urun-tanitim-standi-2-1-300x400.jpg 300w, https:\/\/apaydintanitim.com\/m\/wp-content\/uploads\/urun-tanitim-standi-2-1-113x150.jpg 113w\" sizes=\"auto, (max-width: 450px) 100vw, 450px\" \/>\n\t\t\t<\/dt>\n\t\t\t\t<dd class='wp-caption-text gallery-caption' id='gallery-1-835'>\n\t\t\t\tMa\u011faza Dekorasyonu \u00dcr\u00fcn Tan\u0131t\u0131m Standlar\u0131 MODEL NO: 2016 &#8211; 0002\n\t\t\t\t<\/dd><\/dl><br style=\"clear: both\" \/><dl class='gallery-item'>\n\t\t\t<dt class='gallery-icon portrait'>\n\t\t\t\t<img loading=\"lazy\" decoding=\"async\" width=\"450\" height=\"600\" src=\"https:\/\/apaydintanitim.com\/m\/wp-content\/uploads\/urun-tanitim-standi-3-1.jpg\" class=\"attachment-full size-full\" alt=\"\" aria-describedby=\"gallery-1-836\" srcset=\"https:\/\/apaydintanitim.com\/m\/wp-content\/uploads\/urun-tanitim-standi-3-1.jpg 450w, https:\/\/apaydintanitim.com\/m\/wp-content\/uploads\/urun-tanitim-standi-3-1-300x400.jpg 300w, https:\/\/apaydintanitim.com\/m\/wp-content\/uploads\/urun-tanitim-standi-3-1-113x150.jpg 113w\" sizes=\"auto, (max-width: 450px) 100vw, 450px\" \/>\n\t\t\t<\/dt>\n\t\t\t\t<dd class='wp-caption-text gallery-caption' id='gallery-1-836'>\n\t\t\t\tMa\u011faza Dekorasyonu \u00dcr\u00fcn Tan\u0131t\u0131m Standlar\u0131 MODEL NO: 2016 &#8211; 0003\n\t\t\t\t<\/dd><\/dl><br style=\"clear: both\" \/><dl class='gallery-item'>\n\t\t\t<dt class='gallery-icon landscape'>\n\t\t\t\t<img loading=\"lazy\" decoding=\"async\" width=\"800\" height=\"600\" src=\"https:\/\/apaydintanitim.com\/m\/wp-content\/uploads\/urun-tanitim-standi-4-1.jpg\" class=\"attachment-full size-full\" alt=\"\" aria-describedby=\"gallery-1-837\" srcset=\"https:\/\/apaydintanitim.com\/m\/wp-content\/uploads\/urun-tanitim-standi-4-1.jpg 800w, https:\/\/apaydintanitim.com\/m\/wp-content\/uploads\/urun-tanitim-standi-4-1-400x300.jpg 400w, https:\/\/apaydintanitim.com\/m\/wp-content\/uploads\/urun-tanitim-standi-4-1-150x113.jpg 150w, https:\/\/apaydintanitim.com\/m\/wp-content\/uploads\/urun-tanitim-standi-4-1-640x480.jpg 640w\" sizes=\"auto, (max-width: 800px) 100vw, 800px\" \/>\n\t\t\t<\/dt>\n\t\t\t\t<dd class='wp-caption-text gallery-caption' id='gallery-1-837'>\n\t\t\t\tMa\u011faza Dekorasyonu \u00dcr\u00fcn Tan\u0131t\u0131m Standlar\u0131 MODEL NO: 2016 &#8211; 0004\n\t\t\t\t<\/dd><\/dl><br style=\"clear: both\" \/><dl class='gallery-item'>\n\t\t\t<dt class='gallery-icon portrait'>\n\t\t\t\t<img loading=\"lazy\" decoding=\"async\" width=\"450\" height=\"600\" src=\"https:\/\/apaydintanitim.com\/m\/wp-content\/uploads\/urun-tanitim-standi-5.jpg\" class=\"attachment-full size-full\" alt=\"\" aria-describedby=\"gallery-1-838\" srcset=\"https:\/\/apaydintanitim.com\/m\/wp-content\/uploads\/urun-tanitim-standi-5.jpg 450w, https:\/\/apaydintanitim.com\/m\/wp-content\/uploads\/urun-tanitim-standi-5-300x400.jpg 300w, https:\/\/apaydintanitim.com\/m\/wp-content\/uploads\/urun-tanitim-standi-5-113x150.jpg 113w\" sizes=\"auto, (max-width: 450px) 100vw, 450px\" \/>\n\t\t\t<\/dt>\n\t\t\t\t<dd class='wp-caption-text gallery-caption' id='gallery-1-838'>\n\t\t\t\tMa\u011faza Dekorasyonu \u00dcr\u00fcn Tan\u0131t\u0131m Standlar\u0131 MODEL NO: 2016 &#8211; 0005\n\t\t\t\t<\/dd><\/dl><br style=\"clear: both\" \/><dl class='gallery-item'>\n\t\t\t<dt class='gallery-icon landscape'>\n\t\t\t\t<img loading=\"lazy\" decoding=\"async\" width=\"800\" height=\"600\" src=\"https:\/\/apaydintanitim.com\/m\/wp-content\/uploads\/urun-tanitim-standi-6-1.jpg\" class=\"attachment-full size-full\" alt=\"\" aria-describedby=\"gallery-1-839\" srcset=\"https:\/\/apaydintanitim.com\/m\/wp-content\/uploads\/urun-tanitim-standi-6-1.jpg 800w, https:\/\/apaydintanitim.com\/m\/wp-content\/uploads\/urun-tanitim-standi-6-1-400x300.jpg 400w, https:\/\/apaydintanitim.com\/m\/wp-content\/uploads\/urun-tanitim-standi-6-1-150x113.jpg 150w, https:\/\/apaydintanitim.com\/m\/wp-content\/uploads\/urun-tanitim-standi-6-1-640x480.jpg 640w\" sizes=\"auto, (max-width: 800px) 100vw, 800px\" \/>\n\t\t\t<\/dt>\n\t\t\t\t<dd class='wp-caption-text gallery-caption' id='gallery-1-839'>\n\t\t\t\tMa\u011faza Dekorasyonu \u00dcr\u00fcn Tan\u0131t\u0131m Standlar\u0131 MODEL NO: 2016 &#8211; 0006\n\t\t\t\t<\/dd><\/dl><br style=\"clear: both\" \/><dl class='gallery-item'>\n\t\t\t<dt class='gallery-icon landscape'>\n\t\t\t\t<img loading=\"lazy\" decoding=\"async\" width=\"800\" height=\"600\" src=\"https:\/\/apaydintanitim.com\/m\/wp-content\/uploads\/urun-tanitim-standi-7-1.jpg\" class=\"attachment-full size-full\" alt=\"\" aria-describedby=\"gallery-1-840\" srcset=\"https:\/\/apaydintanitim.com\/m\/wp-content\/uploads\/urun-tanitim-standi-7-1.jpg 800w, https:\/\/apaydintanitim.com\/m\/wp-content\/uploads\/urun-tanitim-standi-7-1-400x300.jpg 400w, https:\/\/apaydintanitim.com\/m\/wp-content\/uploads\/urun-tanitim-standi-7-1-150x113.jpg 150w, https:\/\/apaydintanitim.com\/m\/wp-content\/uploads\/urun-tanitim-standi-7-1-640x480.jpg 640w\" sizes=\"auto, (max-width: 800px) 100vw, 800px\" \/>\n\t\t\t<\/dt>\n\t\t\t\t<dd class='wp-caption-text gallery-caption' id='gallery-1-840'>\n\t\t\t\tMa\u011faza Dekorasyonu \u00dcr\u00fcn Tan\u0131t\u0131m Standlar\u0131 MODEL NO: 2016 &#8211; 0007\n\t\t\t\t<\/dd><\/dl><br style=\"clear: both\" \/><dl class='gallery-item'>\n\t\t\t<dt class='gallery-icon landscape'>\n\t\t\t\t<img loading=\"lazy\" decoding=\"async\" width=\"800\" height=\"600\" src=\"https:\/\/apaydintanitim.com\/m\/wp-content\/uploads\/urun-tanitim-standi-8-1.jpg\" class=\"attachment-full size-full\" alt=\"\" aria-describedby=\"gallery-1-841\" srcset=\"https:\/\/apaydintanitim.com\/m\/wp-content\/uploads\/urun-tanitim-standi-8-1.jpg 800w, https:\/\/apaydintanitim.com\/m\/wp-content\/uploads\/urun-tanitim-standi-8-1-400x300.jpg 400w, https:\/\/apaydintanitim.com\/m\/wp-content\/uploads\/urun-tanitim-standi-8-1-150x113.jpg 150w, https:\/\/apaydintanitim.com\/m\/wp-content\/uploads\/urun-tanitim-standi-8-1-640x480.jpg 640w\" sizes=\"auto, (max-width: 800px) 100vw, 800px\" \/>\n\t\t\t<\/dt>\n\t\t\t\t<dd class='wp-caption-text gallery-caption' id='gallery-1-841'>\n\t\t\t\tMa\u011faza Dekorasyonu \u00dcr\u00fcn Tan\u0131t\u0131m Standlar\u0131 MODEL NO: 2016 &#8211; 0008\n\t\t\t\t<\/dd><\/dl><br style=\"clear: both\" \/><dl class='gallery-item'>\n\t\t\t<dt class='gallery-icon landscape'>\n\t\t\t\t<img loading=\"lazy\" decoding=\"async\" width=\"800\" height=\"600\" src=\"https:\/\/apaydintanitim.com\/m\/wp-content\/uploads\/urun-tanitim-standi-9-1.jpg\" class=\"attachment-full size-full\" alt=\"\" aria-describedby=\"gallery-1-842\" srcset=\"https:\/\/apaydintanitim.com\/m\/wp-content\/uploads\/urun-tanitim-standi-9-1.jpg 800w, https:\/\/apaydintanitim.com\/m\/wp-content\/uploads\/urun-tanitim-standi-9-1-400x300.jpg 400w, https:\/\/apaydintanitim.com\/m\/wp-content\/uploads\/urun-tanitim-standi-9-1-150x113.jpg 150w, https:\/\/apaydintanitim.com\/m\/wp-content\/uploads\/urun-tanitim-standi-9-1-640x480.jpg 640w\" sizes=\"auto, (max-width: 800px) 100vw, 800px\" \/>\n\t\t\t<\/dt>\n\t\t\t\t<dd class='wp-caption-text gallery-caption' id='gallery-1-842'>\n\t\t\t\tMa\u011faza Dekorasyonu \u00dcr\u00fcn Tan\u0131t\u0131m Standlar\u0131 Yeni \u00dcr\u00fcnler MODEL NO: 0001\n\t\t\t\t<\/dd><\/dl><br style=\"clear: both\" \/><dl class='gallery-item'>\n\t\t\t<dt class='gallery-icon landscape'>\n\t\t\t\t<img loading=\"lazy\" decoding=\"async\" width=\"800\" height=\"600\" src=\"https:\/\/apaydintanitim.com\/m\/wp-content\/uploads\/urun-tanitim-standi-10-1.jpg\" class=\"attachment-full size-full\" alt=\"\" aria-describedby=\"gallery-1-843\" srcset=\"https:\/\/apaydintanitim.com\/m\/wp-content\/uploads\/urun-tanitim-standi-10-1.jpg 800w, https:\/\/apaydintanitim.com\/m\/wp-content\/uploads\/urun-tanitim-standi-10-1-400x300.jpg 400w, https:\/\/apaydintanitim.com\/m\/wp-content\/uploads\/urun-tanitim-standi-10-1-150x113.jpg 150w, https:\/\/apaydintanitim.com\/m\/wp-content\/uploads\/urun-tanitim-standi-10-1-640x480.jpg 640w\" sizes=\"auto, (max-width: 800px) 100vw, 800px\" \/>\n\t\t\t<\/dt>\n\t\t\t\t<dd class='wp-caption-text gallery-caption' id='gallery-1-843'>\n\t\t\t\tMa\u011faza Dekorasyonu \u00dcr\u00fcn Tan\u0131t\u0131m Standlar\u0131 Yeni \u00dcr\u00fcnler MODEL NO: 0002\n\t\t\t\t<\/dd><\/dl><br style=\"clear: both\" \/><dl class='gallery-item'>\n\t\t\t<dt class='gallery-icon landscape'>\n\t\t\t\t<img loading=\"lazy\" decoding=\"async\" width=\"800\" height=\"450\" src=\"https:\/\/apaydintanitim.com\/m\/wp-content\/uploads\/urun-tanitim-standi-11-1.jpg\" class=\"attachment-full size-full\" alt=\"\" aria-describedby=\"gallery-1-844\" srcset=\"https:\/\/apaydintanitim.com\/m\/wp-content\/uploads\/urun-tanitim-standi-11-1.jpg 800w, https:\/\/apaydintanitim.com\/m\/wp-content\/uploads\/urun-tanitim-standi-11-1-400x225.jpg 400w, https:\/\/apaydintanitim.com\/m\/wp-content\/uploads\/urun-tanitim-standi-11-1-150x84.jpg 150w, https:\/\/apaydintanitim.com\/m\/wp-content\/uploads\/urun-tanitim-standi-11-1-640x360.jpg 640w\" sizes=\"auto, (max-width: 800px) 100vw, 800px\" \/>\n\t\t\t<\/dt>\n\t\t\t\t<dd class='wp-caption-text gallery-caption' id='gallery-1-844'>\n\t\t\t\t Ma\u011faza Dekorasyonu \u00dcr\u00fcn Tan\u0131t\u0131m Standlar\u0131 MODEL NO: 0001\n\t\t\t\t<\/dd><\/dl><br style=\"clear: both\" \/><dl class='gallery-item'>\n\t\t\t<dt class='gallery-icon landscape'>\n\t\t\t\t<img loading=\"lazy\" decoding=\"async\" width=\"800\" height=\"450\" src=\"https:\/\/apaydintanitim.com\/m\/wp-content\/uploads\/urun-tanitim-standi-12-1.jpg\" class=\"attachment-full size-full\" alt=\"\" aria-describedby=\"gallery-1-845\" srcset=\"https:\/\/apaydintanitim.com\/m\/wp-content\/uploads\/urun-tanitim-standi-12-1.jpg 800w, https:\/\/apaydintanitim.com\/m\/wp-content\/uploads\/urun-tanitim-standi-12-1-400x225.jpg 400w, https:\/\/apaydintanitim.com\/m\/wp-content\/uploads\/urun-tanitim-standi-12-1-150x84.jpg 150w, https:\/\/apaydintanitim.com\/m\/wp-content\/uploads\/urun-tanitim-standi-12-1-640x360.jpg 640w\" sizes=\"auto, (max-width: 800px) 100vw, 800px\" \/>\n\t\t\t<\/dt>\n\t\t\t\t<dd class='wp-caption-text gallery-caption' id='gallery-1-845'>\n\t\t\t\t Ma\u011faza Dekorasyonu \u00dcr\u00fcn Tan\u0131t\u0131m Standlar\u0131 MODEL NO: 0002\n\t\t\t\t<\/dd><\/dl><br style=\"clear: both\" \/><dl class='gallery-item'>\n\t\t\t<dt class='gallery-icon landscape'>\n\t\t\t\t<img loading=\"lazy\" decoding=\"async\" width=\"800\" height=\"450\" src=\"https:\/\/apaydintanitim.com\/m\/wp-content\/uploads\/urun-tanitim-standi-13-1.jpg\" class=\"attachment-full size-full\" alt=\"\" aria-describedby=\"gallery-1-846\" srcset=\"https:\/\/apaydintanitim.com\/m\/wp-content\/uploads\/urun-tanitim-standi-13-1.jpg 800w, https:\/\/apaydintanitim.com\/m\/wp-content\/uploads\/urun-tanitim-standi-13-1-400x225.jpg 400w, https:\/\/apaydintanitim.com\/m\/wp-content\/uploads\/urun-tanitim-standi-13-1-150x84.jpg 150w, https:\/\/apaydintanitim.com\/m\/wp-content\/uploads\/urun-tanitim-standi-13-1-640x360.jpg 640w\" sizes=\"auto, (max-width: 800px) 100vw, 800px\" \/>\n\t\t\t<\/dt>\n\t\t\t\t<dd class='wp-caption-text gallery-caption' id='gallery-1-846'>\n\t\t\t\t Ma\u011faza Dekorasyonu \u00dcr\u00fcn Tan\u0131t\u0131m Standlar\u0131 MODEL NO: 0003\n\t\t\t\t<\/dd><\/dl><br style=\"clear: both\" \/><dl class='gallery-item'>\n\t\t\t<dt class='gallery-icon landscape'>\n\t\t\t\t<img loading=\"lazy\" decoding=\"async\" width=\"800\" height=\"450\" src=\"https:\/\/apaydintanitim.com\/m\/wp-content\/uploads\/urun-tanitim-standi-14-1.jpg\" class=\"attachment-full size-full\" alt=\"\" aria-describedby=\"gallery-1-847\" srcset=\"https:\/\/apaydintanitim.com\/m\/wp-content\/uploads\/urun-tanitim-standi-14-1.jpg 800w, https:\/\/apaydintanitim.com\/m\/wp-content\/uploads\/urun-tanitim-standi-14-1-400x225.jpg 400w, https:\/\/apaydintanitim.com\/m\/wp-content\/uploads\/urun-tanitim-standi-14-1-150x84.jpg 150w, https:\/\/apaydintanitim.com\/m\/wp-content\/uploads\/urun-tanitim-standi-14-1-640x360.jpg 640w\" sizes=\"auto, (max-width: 800px) 100vw, 800px\" \/>\n\t\t\t<\/dt>\n\t\t\t\t<dd class='wp-caption-text gallery-caption' id='gallery-1-847'>\n\t\t\t\t Ma\u011faza Dekorasyonu \u00dcr\u00fcn Tan\u0131t\u0131m Standlar\u0131 MODEL NO: 0004\n\t\t\t\t<\/dd><\/dl><br style=\"clear: both\" \/><dl class='gallery-item'>\n\t\t\t<dt class='gallery-icon landscape'>\n\t\t\t\t<img loading=\"lazy\" decoding=\"async\" width=\"800\" height=\"450\" src=\"https:\/\/apaydintanitim.com\/m\/wp-content\/uploads\/urun-tanitim-standi-15-1.jpg\" class=\"attachment-full size-full\" alt=\"\" aria-describedby=\"gallery-1-848\" srcset=\"https:\/\/apaydintanitim.com\/m\/wp-content\/uploads\/urun-tanitim-standi-15-1.jpg 800w, https:\/\/apaydintanitim.com\/m\/wp-content\/uploads\/urun-tanitim-standi-15-1-400x225.jpg 400w, https:\/\/apaydintanitim.com\/m\/wp-content\/uploads\/urun-tanitim-standi-15-1-150x84.jpg 150w, https:\/\/apaydintanitim.com\/m\/wp-content\/uploads\/urun-tanitim-standi-15-1-640x360.jpg 640w\" sizes=\"auto, (max-width: 800px) 100vw, 800px\" \/>\n\t\t\t<\/dt>\n\t\t\t\t<dd class='wp-caption-text gallery-caption' id='gallery-1-848'>\n\t\t\t\t Ma\u011faza Dekorasyonu \u00dcr\u00fcn Tan\u0131t\u0131m Standlar\u0131 MODEL NO: 0005\n\t\t\t\t<\/dd><\/dl><br style=\"clear: both\" \/><dl class='gallery-item'>\n\t\t\t<dt class='gallery-icon landscape'>\n\t\t\t\t<img loading=\"lazy\" decoding=\"async\" width=\"800\" height=\"450\" src=\"https:\/\/apaydintanitim.com\/m\/wp-content\/uploads\/urun-tanitim-standi-16-1.jpg\" class=\"attachment-full size-full\" alt=\"\" aria-describedby=\"gallery-1-849\" srcset=\"https:\/\/apaydintanitim.com\/m\/wp-content\/uploads\/urun-tanitim-standi-16-1.jpg 800w, https:\/\/apaydintanitim.com\/m\/wp-content\/uploads\/urun-tanitim-standi-16-1-400x225.jpg 400w, https:\/\/apaydintanitim.com\/m\/wp-content\/uploads\/urun-tanitim-standi-16-1-150x84.jpg 150w, https:\/\/apaydintanitim.com\/m\/wp-content\/uploads\/urun-tanitim-standi-16-1-640x360.jpg 640w\" sizes=\"auto, (max-width: 800px) 100vw, 800px\" \/>\n\t\t\t<\/dt>\n\t\t\t\t<dd class='wp-caption-text gallery-caption' id='gallery-1-849'>\n\t\t\t\t Ma\u011faza Dekorasyonu \u00dcr\u00fcn Tan\u0131t\u0131m Standlar\u0131 MODEL NO: 0006\n\t\t\t\t<\/dd><\/dl><br style=\"clear: both\" \/><dl class='gallery-item'>\n\t\t\t<dt class='gallery-icon landscape'>\n\t\t\t\t<img loading=\"lazy\" decoding=\"async\" width=\"800\" height=\"450\" src=\"https:\/\/apaydintanitim.com\/m\/wp-content\/uploads\/urun-tanitim-standi-17-1.jpg\" class=\"attachment-full size-full\" alt=\"\" aria-describedby=\"gallery-1-850\" srcset=\"https:\/\/apaydintanitim.com\/m\/wp-content\/uploads\/urun-tanitim-standi-17-1.jpg 800w, https:\/\/apaydintanitim.com\/m\/wp-content\/uploads\/urun-tanitim-standi-17-1-400x225.jpg 400w, https:\/\/apaydintanitim.com\/m\/wp-content\/uploads\/urun-tanitim-standi-17-1-150x84.jpg 150w, https:\/\/apaydintanitim.com\/m\/wp-content\/uploads\/urun-tanitim-standi-17-1-640x360.jpg 640w\" sizes=\"auto, (max-width: 800px) 100vw, 800px\" \/>\n\t\t\t<\/dt>\n\t\t\t\t<dd class='wp-caption-text gallery-caption' id='gallery-1-850'>\n\t\t\t\t Ma\u011faza Dekorasyonu \u00dcr\u00fcn Tan\u0131t\u0131m Standlar\u0131 MODEL NO: 0007\n\t\t\t\t<\/dd><\/dl><br style=\"clear: both\" \/><dl class='gallery-item'>\n\t\t\t<dt class='gallery-icon landscape'>\n\t\t\t\t<img loading=\"lazy\" decoding=\"async\" width=\"800\" height=\"390\" src=\"https:\/\/apaydintanitim.com\/m\/wp-content\/uploads\/urun-tanitim-standi-18-1.jpg\" class=\"attachment-full size-full\" alt=\"\" aria-describedby=\"gallery-1-851\" srcset=\"https:\/\/apaydintanitim.com\/m\/wp-content\/uploads\/urun-tanitim-standi-18-1.jpg 800w, https:\/\/apaydintanitim.com\/m\/wp-content\/uploads\/urun-tanitim-standi-18-1-400x195.jpg 400w, https:\/\/apaydintanitim.com\/m\/wp-content\/uploads\/urun-tanitim-standi-18-1-150x73.jpg 150w, https:\/\/apaydintanitim.com\/m\/wp-content\/uploads\/urun-tanitim-standi-18-1-640x312.jpg 640w\" sizes=\"auto, (max-width: 800px) 100vw, 800px\" \/>\n\t\t\t<\/dt>\n\t\t\t\t<dd class='wp-caption-text gallery-caption' id='gallery-1-851'>\n\t\t\t\t Ma\u011faza Dekorasyonu \u00dcr\u00fcn Tan\u0131t\u0131m Standlar\u0131 MODEL NO: 0008\n\t\t\t\t<\/dd><\/dl><br style=\"clear: both\" \/><dl class='gallery-item'>\n\t\t\t<dt class='gallery-icon landscape'>\n\t\t\t\t<img loading=\"lazy\" decoding=\"async\" width=\"800\" height=\"423\" src=\"https:\/\/apaydintanitim.com\/m\/wp-content\/uploads\/urun-tanitim-standi-19-1.jpg\" class=\"attachment-full size-full\" alt=\"\" aria-describedby=\"gallery-1-852\" srcset=\"https:\/\/apaydintanitim.com\/m\/wp-content\/uploads\/urun-tanitim-standi-19-1.jpg 800w, https:\/\/apaydintanitim.com\/m\/wp-content\/uploads\/urun-tanitim-standi-19-1-400x212.jpg 400w, https:\/\/apaydintanitim.com\/m\/wp-content\/uploads\/urun-tanitim-standi-19-1-150x79.jpg 150w, https:\/\/apaydintanitim.com\/m\/wp-content\/uploads\/urun-tanitim-standi-19-1-640x338.jpg 640w\" sizes=\"auto, (max-width: 800px) 100vw, 800px\" \/>\n\t\t\t<\/dt>\n\t\t\t\t<dd class='wp-caption-text gallery-caption' id='gallery-1-852'>\n\t\t\t\t Ma\u011faza Dekorasyonu \u00dcr\u00fcn Tan\u0131t\u0131m Standlar\u0131 MODEL NO: 0009\n\t\t\t\t<\/dd><\/dl><br style=\"clear: both\" \/><dl class='gallery-item'>\n\t\t\t<dt class='gallery-icon landscape'>\n\t\t\t\t<img loading=\"lazy\" decoding=\"async\" width=\"800\" height=\"450\" src=\"https:\/\/apaydintanitim.com\/m\/wp-content\/uploads\/urun-tanitim-standi-20-1.jpg\" class=\"attachment-full size-full\" alt=\"\" aria-describedby=\"gallery-1-853\" srcset=\"https:\/\/apaydintanitim.com\/m\/wp-content\/uploads\/urun-tanitim-standi-20-1.jpg 800w, https:\/\/apaydintanitim.com\/m\/wp-content\/uploads\/urun-tanitim-standi-20-1-400x225.jpg 400w, https:\/\/apaydintanitim.com\/m\/wp-content\/uploads\/urun-tanitim-standi-20-1-150x84.jpg 150w, https:\/\/apaydintanitim.com\/m\/wp-content\/uploads\/urun-tanitim-standi-20-1-640x360.jpg 640w\" sizes=\"auto, (max-width: 800px) 100vw, 800px\" \/>\n\t\t\t<\/dt>\n\t\t\t\t<dd class='wp-caption-text gallery-caption' id='gallery-1-853'>\n\t\t\t\t Ma\u011faza Dekorasyonu \u00dcr\u00fcn Tan\u0131t\u0131m Standlar\u0131 MODEL NO: 0010\n\t\t\t\t<\/dd><\/dl><br style=\"clear: both\" \/><dl class='gallery-item'>\n\t\t\t<dt class='gallery-icon landscape'>\n\t\t\t\t<img loading=\"lazy\" decoding=\"async\" width=\"800\" height=\"450\" src=\"https:\/\/apaydintanitim.com\/m\/wp-content\/uploads\/urun-tanitim-standi-21-1.jpg\" class=\"attachment-full size-full\" alt=\"\" aria-describedby=\"gallery-1-854\" srcset=\"https:\/\/apaydintanitim.com\/m\/wp-content\/uploads\/urun-tanitim-standi-21-1.jpg 800w, https:\/\/apaydintanitim.com\/m\/wp-content\/uploads\/urun-tanitim-standi-21-1-400x225.jpg 400w, https:\/\/apaydintanitim.com\/m\/wp-content\/uploads\/urun-tanitim-standi-21-1-150x84.jpg 150w, https:\/\/apaydintanitim.com\/m\/wp-content\/uploads\/urun-tanitim-standi-21-1-640x360.jpg 640w\" sizes=\"auto, (max-width: 800px) 100vw, 800px\" \/>\n\t\t\t<\/dt>\n\t\t\t\t<dd class='wp-caption-text gallery-caption' id='gallery-1-854'>\n\t\t\t\t Ma\u011faza Dekorasyonu \u00dcr\u00fcn Tan\u0131t\u0131m Standlar\u0131 MODEL NO: 011\n\t\t\t\t<\/dd><\/dl><br style=\"clear: both\" \/>\n\t\t<\/div>\n\n","protected":false},"excerpt":{"rendered":"","protected":false},"author":1,"featured_media":0,"parent":0,"menu_order":0,"comment_status":"closed","ping_status":"closed","template":"templates\/fullwidth.php","meta":{"footnotes":""},"class_list":["post-68","page","type-page","status-publish","hentry","page-entry","loop-entry clr"],"_links":{"self":[{"href":"https:\/\/apaydintanitim.com\/m\/wp-json\/wp\/v2\/pages\/68","targetHints":{"allow":["GET"]}}],"collection":[{"href":"https:\/\/apaydintanitim.com\/m\/wp-json\/wp\/v2\/pages"}],"about":[{"href":"https:\/\/apaydintanitim.com\/m\/wp-json\/wp\/v2\/types\/page"}],"author":[{"embeddable":true,"href":"https:\/\/apaydintanitim.com\/m\/wp-json\/wp\/v2\/users\/1"}],"replies":[{"embeddable":true,"href":"https:\/\/apaydintanitim.com\/m\/wp-json\/wp\/v2\/comments?post=68"}],"version-history":[{"count":2,"href":"https:\/\/apaydintanitim.com\/m\/wp-json\/wp\/v2\/pages\/68\/revisions"}],"predecessor-version":[{"id":855,"href":"https:\/\/apaydintanitim.com\/m\/wp-json\/wp\/v2\/pages\/68\/revisions\/855"}],"wp:attachment":[{"href":"https:\/\/apaydintanitim.com\/m\/wp-json\/wp\/v2\/media?parent=68"}],"curies":[{"name":"wp","href":"https:\/\/api.w.org\/{rel}","templated":true}]}}